{"id":32,"date":"2020-04-02T16:53:13","date_gmt":"2020-04-02T14:53:13","guid":{"rendered":"http:\/\/oceane-tarate.fr\/chocolatier-gourmand\/?page_id=32"},"modified":"2020-10-21T19:19:59","modified_gmt":"2020-10-21T17:19:59","slug":"recettes-de-gourmand","status":"publish","type":"page","link":"http:\/\/oceane-tarate.fr\/chocolatier-gourmand\/recettes-de-gourmand\/","title":{"rendered":"Recettes gourmandes"},"content":{"rendered":"<h2 class=\"fonts-plugin-block\" style=\"font-family: Fredericka the Great;font-weight: normal;text-align: center;color: #ac4430;\">Recettes faciles et gourmandes<\/h2>\n\n\n<div class=\"wp-block-group alignwide\"><div class=\"wp-block-group__inner-container\">\n<div class=\"wp-block-columns alignwide are-vertically-aligned-center wpf-creme-brulee\">\n<div class=\"wp-block-column is-vertically-aligned-center\">\n<figure class=\"wp-block-image alignwide size-full\"><img loading=\"lazy\" width=\"553\" height=\"368\" src=\"http:\/\/oceane-tarate.fr\/chocolatier-gourmand\/wp-content\/uploads\/2020\/04\/catalane.jpg\" alt=\"Cr\u00e8me br\u00fbl\u00e9e au chocolat\" class=\"wp-image-367\" srcset=\"http:\/\/oceane-tarate.fr\/chocolatier-gourmand\/wp-content\/uploads\/2020\/04\/catalane.jpg 553w, http:\/\/oceane-tarate.fr\/chocolatier-gourmand\/wp-content\/uploads\/2020\/04\/catalane-300x200.jpg 300w\" sizes=\"(max-width: 553px) 100vw, 553px\" \/><\/figure>\n\n\n\n<p><\/p>\n<\/div>\n\n\n\n<div class=\"wp-block-column is-vertically-aligned-center\">\n<div class=\"wp-block-group\"><div class=\"wp-block-group__inner-container\"><h3 class=\"fonts-plugin-block\" style=\"font-family: Fredericka the Great;font-weight: normal;text-align: left;color: #5c1911;\">Cr\u00e8mes br\u00fbl\u00e9es au chocolat et \u00e0 l&rsquo;orange<\/h3>\n\n\n<h4>Difficult\u00e9&nbsp;: tr\u00e8s facile<\/h4>\n\n\n\n<h4>Temps de pr\u00e9paration&nbsp;: 10 min<\/h4>\n\n\n\n<ol><li>Je casse le chocolat en morceaux.<br>Puis je fais bouillir la cr\u00e8me et le lait.<br>Hors du feu, j&rsquo;ajoute le chocolat et je fouette.<br>Il faut fouetter les jaunes et le sucre puis ajouter la cr\u00e8me et m\u00e9langer.<\/li><li>Enfin je d\u00e9pose quelques d\u00e9s d&rsquo;oranges confites au fond des ramequins et je verse le m\u00e9lange.<\/li><li>Je fais cuire au bain-marie, au four (th 5\/150\u00b0C) une demi-heure.<\/li><li>Je laisse refroidir.<\/li><li>Pour terminer je saupoudre les cr\u00e8mes de cassonade pour les caram\u00e9liser sous le grill.<\/li><\/ol>\n<\/div><\/div>\n<\/div>\n<\/div>\n\n\n\n<div class=\"wp-block-columns alignwide are-vertically-aligned-center wpf-muffins\">\n<div class=\"wp-block-column is-vertically-aligned-center\">\n<div class=\"wp-block-group\"><div class=\"wp-block-group__inner-container\"><h3 class=\"fonts-plugin-block\" style=\"font-family: Fredericka the Great;font-weight: normal;text-align: right;color: #5c1911;\">Muffins au chocolat<\/h3>\n\n\n<h4 class=\"has-text-align-right\">Difficult\u00e9&nbsp;: tr\u00e8s facile<\/h4>\n\n\n\n<h4 class=\"has-text-align-right\">Temps de pr\u00e9paration&nbsp;: 15 min<\/h4>\n\n\n\n<ol><li>Je casse les 200g de chocolat en morceaux et j&rsquo;en garde 6 pour tout \u00e0 l&rsquo;heure.<\/li><li>Je fais fondre le chocolat avec le beurre au micro-ondes.<\/li><li>Pendant ce temps je bats les \u0153ufs avec le sucre et je rajoute la farine.<br>Je verse ensuite la pr\u00e9paration chocolat sur le m\u00e9lange \u0153ufs et je fouette. Enfin je rajoute la levure.<\/li><li>Je verse la pr\u00e9paration dans mes moules \u00e0 muffins et je mets un carreau de chocolat dans chaque muffin (pour un c\u0153ur fondant).<\/li><li>Je cuis le tout \u00e0 180\u00b0C pendant 10 minutes.<\/li><\/ol>\n<\/div><\/div>\n<\/div>\n\n\n\n<div class=\"wp-block-column is-vertically-aligned-center\">\n<figure class=\"wp-block-image alignwide size-full\"><img loading=\"lazy\" width=\"553\" height=\"369\" src=\"http:\/\/oceane-tarate.fr\/chocolatier-gourmand\/wp-content\/uploads\/2020\/04\/muffins.jpg\" alt=\"Muffins au chocolat\" class=\"wp-image-230\" srcset=\"http:\/\/oceane-tarate.fr\/chocolatier-gourmand\/wp-content\/uploads\/2020\/04\/muffins.jpg 553w, http:\/\/oceane-tarate.fr\/chocolatier-gourmand\/wp-content\/uploads\/2020\/04\/muffins-300x200.jpg 300w\" sizes=\"(max-width: 553px) 100vw, 553px\" \/><\/figure>\n<\/div>\n<\/div>\n\n\n\n<div class=\"wp-block-columns alignwide are-vertically-aligned-center wpf-oeufs\">\n<div class=\"wp-block-column is-vertically-aligned-center\">\n<figure class=\"wp-block-image size-full\"><img loading=\"lazy\" width=\"553\" height=\"368\" src=\"http:\/\/oceane-tarate.fr\/chocolatier-gourmand\/wp-content\/uploads\/2020\/04\/oeufs.jpg\" alt=\"\u0152ufs en chocolat\" class=\"wp-image-368\" srcset=\"http:\/\/oceane-tarate.fr\/chocolatier-gourmand\/wp-content\/uploads\/2020\/04\/oeufs.jpg 553w, http:\/\/oceane-tarate.fr\/chocolatier-gourmand\/wp-content\/uploads\/2020\/04\/oeufs-300x200.jpg 300w\" sizes=\"(max-width: 553px) 100vw, 553px\" \/><\/figure>\n<\/div>\n\n\n\n<div class=\"wp-block-column is-vertically-aligned-center\">\n<div class=\"wp-block-group\"><div class=\"wp-block-group__inner-container\"><h3 class=\"fonts-plugin-block\" style=\"font-family: Fredericka the Great;font-weight: normal;color: #5c1911;\">\u0152ufs en chocolat<\/h3>\n\n\n<h4>Difficult\u00e9&nbsp;: facile<\/h4>\n\n\n\n<h4>Temps de pr\u00e9paration&nbsp;: 30 min<\/h4>\n\n\n\n<ol><li>Je fais fondre le chocolat dans ma chocolati\u00e8re, je garnis chaque moule d&rsquo;une couche de chocolat fondu, en faisant attention \u00e0 ce que toute la paroi soit couverte. J&rsquo;\u00f4te l&rsquo;exc\u00e9dent de chocolat, si besoin, en le faisant couler dans la chocolati\u00e8re. Je laisse le moule sur mon plan de travail.<\/li><li>Quand le chocolat a durci, je mets une seconde couche de chocolat dans chaque moule et je r\u00e9serve au frais pendant environ 20 min. Chaque \u0153uf doit avoir une \u00e9paisseur de 2 \u00e0 3 mm.<\/li><li>Je d\u00e9moule ensuite avec pr\u00e9caution.<\/li><li>Assemblage des \u0153ufs&nbsp;: je fais chauffer une po\u00eale vide quelques secondes. Quand elle est chaude, je l&rsquo;\u00f4te du feu. Je place alors 2 moiti\u00e9s d&rsquo;\u0153ufs sur la po\u00eale (une seconde ou deux suffisent). Je garnis les \u0153ufs (\u0153ufs en sucre, en nougatine, fritures maison) et j&rsquo;assemble. Je lisse au doigt la jointure et les conserve \u00e0 l&rsquo;abri de la lumi\u00e8re, dans une bo\u00eete (mais pas au frais&nbsp;!).<\/li><\/ol>\n<\/div><\/div>\n<\/div>\n<\/div>\n<\/div><\/div>\n","protected":false},"excerpt":{"rendered":"","protected":false},"author":1,"featured_media":0,"parent":0,"menu_order":0,"comment_status":"closed","ping_status":"closed","template":"","meta":[],"uagb_featured_image_src":{"full":false,"thumbnail":false,"medium":false,"medium_large":false,"large":false,"1536x1536":false,"2048x2048":false,"post-thumbnail":false,"twentytwenty-fullscreen":false},"uagb_author_info":{"display_name":"oceane","author_link":"http:\/\/oceane-tarate.fr\/chocolatier-gourmand\/author\/oceane\/"},"uagb_comment_info":0,"uagb_excerpt":null,"yoast_head":"<!-- This site is optimized with the Yoast SEO plugin v15.1.1 - https:\/\/yoast.com\/wordpress\/plugins\/seo\/ -->\n<title>Recettes gourmandes - Le Chocolatier Gourmand - recettes chocolat\u00e9es<\/title>\n<meta name=\"description\" content=\"R\u00e9alisez de d\u00e9licieuses recettes, tr\u00e8s faciles et rapides \u00e0 pr\u00e9parer, \u00e0 base de chocolat pour le plaisir de tous les gourmands !\" \/>\n<meta name=\"robots\" content=\"index, follow, max-snippet:-1, max-image-preview:large, max-video-preview:-1\" \/>\n<link rel=\"canonical\" href=\"http:\/\/oceane-tarate.fr\/chocolatier-gourmand\/recettes-de-gourmand\/\" \/>\n<meta property=\"og:locale\" content=\"fr_FR\" \/>\n<meta property=\"og:type\" content=\"article\" \/>\n<meta property=\"og:title\" content=\"Recettes gourmandes - Le Chocolatier Gourmand - recettes chocolat\u00e9es\" \/>\n<meta property=\"og:description\" content=\"R\u00e9alisez de d\u00e9licieuses recettes, tr\u00e8s faciles et rapides \u00e0 pr\u00e9parer, \u00e0 base de chocolat pour le plaisir de tous les gourmands !\" \/>\n<meta property=\"og:url\" content=\"http:\/\/oceane-tarate.fr\/chocolatier-gourmand\/recettes-de-gourmand\/\" \/>\n<meta property=\"og:site_name\" content=\"Le Chocolatier Gourmand\" \/>\n<meta property=\"article:modified_time\" content=\"2020-10-21T17:19:59+00:00\" \/>\n<meta property=\"og:image\" content=\"http:\/\/oceane-tarate.fr\/chocolatier-gourmand\/wp-content\/uploads\/2020\/04\/catalane.jpg\" \/>\n<meta name=\"twitter:card\" content=\"summary_large_image\" \/>\n<script type=\"application\/ld+json\" class=\"yoast-schema-graph\">{\"@context\":\"https:\/\/schema.org\",\"@graph\":[{\"@type\":\"WebSite\",\"@id\":\"http:\/\/oceane-tarate.fr\/chocolatier-gourmand\/#website\",\"url\":\"http:\/\/oceane-tarate.fr\/chocolatier-gourmand\/\",\"name\":\"Le Chocolatier Gourmand\",\"description\":\"\",\"potentialAction\":[{\"@type\":\"SearchAction\",\"target\":\"http:\/\/oceane-tarate.fr\/chocolatier-gourmand\/?s={search_term_string}\",\"query-input\":\"required name=search_term_string\"}],\"inLanguage\":\"fr-FR\"},{\"@type\":\"ImageObject\",\"@id\":\"http:\/\/oceane-tarate.fr\/chocolatier-gourmand\/recettes-de-gourmand\/#primaryimage\",\"inLanguage\":\"fr-FR\",\"url\":\"http:\/\/oceane-tarate.fr\/chocolatier-gourmand\/wp-content\/uploads\/2020\/04\/catalane.jpg\",\"width\":553,\"height\":368,\"caption\":\"Cr\\u00e8me br\\u00fbl\\u00e9e au chocolat\"},{\"@type\":\"WebPage\",\"@id\":\"http:\/\/oceane-tarate.fr\/chocolatier-gourmand\/recettes-de-gourmand\/#webpage\",\"url\":\"http:\/\/oceane-tarate.fr\/chocolatier-gourmand\/recettes-de-gourmand\/\",\"name\":\"Recettes gourmandes - Le Chocolatier Gourmand - recettes chocolat\\u00e9es\",\"isPartOf\":{\"@id\":\"http:\/\/oceane-tarate.fr\/chocolatier-gourmand\/#website\"},\"primaryImageOfPage\":{\"@id\":\"http:\/\/oceane-tarate.fr\/chocolatier-gourmand\/recettes-de-gourmand\/#primaryimage\"},\"datePublished\":\"2020-04-02T14:53:13+00:00\",\"dateModified\":\"2020-10-21T17:19:59+00:00\",\"description\":\"R\\u00e9alisez de d\\u00e9licieuses recettes, tr\\u00e8s faciles et rapides \\u00e0 pr\\u00e9parer, \\u00e0 base de chocolat pour le plaisir de tous les gourmands !\",\"inLanguage\":\"fr-FR\",\"potentialAction\":[{\"@type\":\"ReadAction\",\"target\":[\"http:\/\/oceane-tarate.fr\/chocolatier-gourmand\/recettes-de-gourmand\/\"]}]}]}<\/script>\n<!-- \/ Yoast SEO plugin. -->","_links":{"self":[{"href":"http:\/\/oceane-tarate.fr\/chocolatier-gourmand\/wp-json\/wp\/v2\/pages\/32"}],"collection":[{"href":"http:\/\/oceane-tarate.fr\/chocolatier-gourmand\/wp-json\/wp\/v2\/pages"}],"about":[{"href":"http:\/\/oceane-tarate.fr\/chocolatier-gourmand\/wp-json\/wp\/v2\/types\/page"}],"author":[{"embeddable":true,"href":"http:\/\/oceane-tarate.fr\/chocolatier-gourmand\/wp-json\/wp\/v2\/users\/1"}],"replies":[{"embeddable":true,"href":"http:\/\/oceane-tarate.fr\/chocolatier-gourmand\/wp-json\/wp\/v2\/comments?post=32"}],"version-history":[{"count":31,"href":"http:\/\/oceane-tarate.fr\/chocolatier-gourmand\/wp-json\/wp\/v2\/pages\/32\/revisions"}],"predecessor-version":[{"id":1284,"href":"http:\/\/oceane-tarate.fr\/chocolatier-gourmand\/wp-json\/wp\/v2\/pages\/32\/revisions\/1284"}],"wp:attachment":[{"href":"http:\/\/oceane-tarate.fr\/chocolatier-gourmand\/wp-json\/wp\/v2\/media?parent=32"}],"curies":[{"name":"wp","href":"https:\/\/api.w.org\/{rel}","templated":true}]}}