{"id":30,"date":"2020-04-02T17:06:55","date_gmt":"2020-04-02T15:06:55","guid":{"rendered":"http:\/\/oceane-tarate.fr\/chocolatier-gourmand\/?page_id=30"},"modified":"2020-10-21T19:27:21","modified_gmt":"2020-10-21T17:27:21","slug":"a-propos","status":"publish","type":"page","link":"http:\/\/oceane-tarate.fr\/chocolatier-gourmand\/a-propos\/","title":{"rendered":"\u00c0 propos"},"content":{"rendered":"\n<div class=\"wp-block-group alignwide wpf-a-propos\"><div class=\"wp-block-group__inner-container\">\n<div class=\"wp-block-group alignwide\"><div class=\"wp-block-group__inner-container\">\n<div class=\"wp-block-columns alignfull wpf-parcours has-background\" style=\"background-color:#f9e7e3\">\n<div class=\"wp-block-column\">\n<figure class=\"wp-block-image alignwide size-full\"><img loading=\"lazy\" width=\"540\" height=\"720\" src=\"http:\/\/oceane-tarate.fr\/chocolatier-gourmand\/wp-content\/uploads\/2020\/04\/jf-gourmand.jpg\" alt=\"Le chocolatier J.-F. Gourmand\" class=\"wp-image-98\" srcset=\"http:\/\/oceane-tarate.fr\/chocolatier-gourmand\/wp-content\/uploads\/2020\/04\/jf-gourmand.jpg 540w, http:\/\/oceane-tarate.fr\/chocolatier-gourmand\/wp-content\/uploads\/2020\/04\/jf-gourmand-225x300.jpg 225w\" sizes=\"(max-width: 540px) 100vw, 540px\" \/><\/figure>\n<\/div>\n\n\n\n<div class=\"wp-block-column is-vertically-aligned-bottom\">\n<div class=\"wp-block-group\"><div class=\"wp-block-group__inner-container\"><h3 class=\"fonts-plugin-block\" style=\"font-family: Fredericka the Great;font-weight: normal;color: #5c1911;\">Mon parcours<\/h3>\n\n<p class=\"fonts-plugin-block\" style=\"font-family: Source Sans Pro;font-weight: normal;font-size: 16px;\">Apr\u00e8s un apprentissage en boulangerie p\u00e2tisserie, j&rsquo;ai eu l&rsquo;opportunit\u00e9 de diriger des \u00e9quipes dans de nombreux grands restaurants \u00e0 Meg\u00e8ve, en \u00c9cosse et en Bretagne.<br><br>A 19 ans, j&rsquo;ai la chance de cr\u00e9er ma premi\u00e8re boutique en Bretagne. En 1996 le choix de vivre mes plantes fra\u00eeches fait que je m&rsquo;installe \u00e0 St-R\u00e9my-de-Provence.<br><br>D\u00e8s l&rsquo;\u00e2ge de 6 ans, j&rsquo;organisais des go\u00fbters avec des carr\u00e9s de chocolat. La forme de mes chocolats s&rsquo;est impos\u00e9e d&rsquo;elle-m\u00eame d&rsquo;o\u00f9 ma cr\u00e9ation des carr\u00e9s de chocolat \u00abl&rsquo;alphabet des saveurs\u00bb.<br><br>L&rsquo;alphabet des saveurs est un de mes r\u00eaves. Chaque lettre et signe de ponctuation a une saveur diff\u00e9rente. Chaque saveur est une cr\u00e9ation, chaque saveur a une histoire.<\/p><\/div><\/div>\n<\/div>\n<\/div>\n<\/div><\/div>\n\n\n\n<div class=\"wp-block-group wpf-inspiration\"><div class=\"wp-block-group__inner-container\"><h3 class=\"fonts-plugin-block\" style=\"font-family: Fredericka the Great;font-weight: normal;color: #ac4430;\">Mon inspiration<\/h3>\n\n<p class=\"fonts-plugin-block\" style=\"font-family: Source Sans Pro;font-weight: normal;font-size: 16px;\">J&rsquo;imagine les go\u00fbts et les retranscrits ensuite. Pour autant, c&rsquo;est toujours dans un souci constant d&rsquo;\u00e9quilibre entre la douceur et l&rsquo;intensit\u00e9 des parfums. En effet, le parfum ne saurait prendre le pas sur le chocolat.<\/p>\n\n\n<blockquote class=\"wp-block-quote\"><p>La cr\u00e9ativit\u00e9 est ce qui me fait avancer,<br>pour rester fid\u00e8le \u00e0 mes r\u00eaves d&rsquo;enfant.<\/p><\/blockquote>\n\n\n<p class=\"fonts-plugin-block\" style=\"font-family: Source Sans Pro;font-weight: normal;font-size: 18px;\">Parce que j&rsquo;aime ce qui est vrai, je n&rsquo;utilise aucun conservateur ni ar\u00f4me artificiel. Tous les produits utilis\u00e9s sont des produits frais.<br><br>La cr\u00e9ativit\u00e9 est ce qui me fait avancer, pour rester fid\u00e8les \u00e0 mes r\u00eaves d&rsquo;enfants.<br>Aussi je r\u00e9alise d&rsquo;autres produits comme les cr\u00e8mes caramel au beurre sal\u00e9, les rochers d&rsquo;amandes caram\u00e9lis\u00e9es enrob\u00e9es de chocolat, les confitures, et ce n&rsquo;est pas fini&#8230;<\/p><\/div><\/div>\n<\/div><\/div>\n\n\n\n<figure class=\"wp-block-image alignwide size-full\"><img loading=\"lazy\" width=\"1500\" height=\"1000\" src=\"http:\/\/oceane-tarate.fr\/chocolatier-gourmand\/wp-content\/uploads\/2020\/04\/chocolaterie.jpg\" alt=\"Vitrine de la chocolaterie\" class=\"wp-image-55\" srcset=\"http:\/\/oceane-tarate.fr\/chocolatier-gourmand\/wp-content\/uploads\/2020\/04\/chocolaterie.jpg 1500w, http:\/\/oceane-tarate.fr\/chocolatier-gourmand\/wp-content\/uploads\/2020\/04\/chocolaterie-300x200.jpg 300w, http:\/\/oceane-tarate.fr\/chocolatier-gourmand\/wp-content\/uploads\/2020\/04\/chocolaterie-1024x683.jpg 1024w, http:\/\/oceane-tarate.fr\/chocolatier-gourmand\/wp-content\/uploads\/2020\/04\/chocolaterie-768x512.jpg 768w, http:\/\/oceane-tarate.fr\/chocolatier-gourmand\/wp-content\/uploads\/2020\/04\/chocolaterie-1200x800.jpg 1200w\" sizes=\"(max-width: 1500px) 100vw, 1500px\" \/><\/figure>\n","protected":false},"excerpt":{"rendered":"","protected":false},"author":1,"featured_media":0,"parent":0,"menu_order":0,"comment_status":"closed","ping_status":"closed","template":"","meta":[],"uagb_featured_image_src":{"full":false,"thumbnail":false,"medium":false,"medium_large":false,"large":false,"1536x1536":false,"2048x2048":false,"post-thumbnail":false,"twentytwenty-fullscreen":false},"uagb_author_info":{"display_name":"oceane","author_link":"http:\/\/oceane-tarate.fr\/chocolatier-gourmand\/author\/oceane\/"},"uagb_comment_info":0,"uagb_excerpt":null,"yoast_head":"<!-- This site is optimized with the Yoast SEO plugin v15.1.1 - https:\/\/yoast.com\/wordpress\/plugins\/seo\/ -->\n<title>\u00c0 propos de Jean-Fran\u00e7ois - Le Chocolatier Gourmand<\/title>\n<meta name=\"description\" content=\"D\u00e9couvrez le parcours professionnel de l&#039;artisan chocolatier Jean-Fran\u00e7ois Gourmand et d&#039;o\u00f9 viennent toutes ses inspirations.\" \/>\n<meta name=\"robots\" content=\"index, follow, max-snippet:-1, max-image-preview:large, max-video-preview:-1\" \/>\n<link rel=\"canonical\" href=\"http:\/\/oceane-tarate.fr\/chocolatier-gourmand\/a-propos\/\" \/>\n<meta property=\"og:locale\" content=\"fr_FR\" \/>\n<meta property=\"og:type\" content=\"article\" \/>\n<meta property=\"og:title\" content=\"\u00c0 propos de Jean-Fran\u00e7ois - Le Chocolatier Gourmand\" \/>\n<meta property=\"og:description\" content=\"D\u00e9couvrez le parcours professionnel de l&#039;artisan chocolatier Jean-Fran\u00e7ois Gourmand et d&#039;o\u00f9 viennent toutes ses inspirations.\" \/>\n<meta property=\"og:url\" content=\"http:\/\/oceane-tarate.fr\/chocolatier-gourmand\/a-propos\/\" \/>\n<meta property=\"og:site_name\" content=\"Le Chocolatier Gourmand\" \/>\n<meta property=\"article:modified_time\" content=\"2020-10-21T17:27:21+00:00\" \/>\n<meta property=\"og:image\" content=\"http:\/\/oceane-tarate.fr\/chocolatier-gourmand\/wp-content\/uploads\/2020\/04\/jf-gourmand.jpg\" \/>\n<meta name=\"twitter:card\" content=\"summary_large_image\" \/>\n<script type=\"application\/ld+json\" class=\"yoast-schema-graph\">{\"@context\":\"https:\/\/schema.org\",\"@graph\":[{\"@type\":\"WebSite\",\"@id\":\"http:\/\/oceane-tarate.fr\/chocolatier-gourmand\/#website\",\"url\":\"http:\/\/oceane-tarate.fr\/chocolatier-gourmand\/\",\"name\":\"Le Chocolatier Gourmand\",\"description\":\"\",\"potentialAction\":[{\"@type\":\"SearchAction\",\"target\":\"http:\/\/oceane-tarate.fr\/chocolatier-gourmand\/?s={search_term_string}\",\"query-input\":\"required name=search_term_string\"}],\"inLanguage\":\"fr-FR\"},{\"@type\":\"ImageObject\",\"@id\":\"http:\/\/oceane-tarate.fr\/chocolatier-gourmand\/a-propos\/#primaryimage\",\"inLanguage\":\"fr-FR\",\"url\":\"http:\/\/oceane-tarate.fr\/chocolatier-gourmand\/wp-content\/uploads\/2020\/04\/jf-gourmand.jpg\",\"width\":540,\"height\":720,\"caption\":\"Le chocolatier J.-F. Gourmand\"},{\"@type\":\"WebPage\",\"@id\":\"http:\/\/oceane-tarate.fr\/chocolatier-gourmand\/a-propos\/#webpage\",\"url\":\"http:\/\/oceane-tarate.fr\/chocolatier-gourmand\/a-propos\/\",\"name\":\"\\u00c0 propos de Jean-Fran\\u00e7ois - Le Chocolatier Gourmand\",\"isPartOf\":{\"@id\":\"http:\/\/oceane-tarate.fr\/chocolatier-gourmand\/#website\"},\"primaryImageOfPage\":{\"@id\":\"http:\/\/oceane-tarate.fr\/chocolatier-gourmand\/a-propos\/#primaryimage\"},\"datePublished\":\"2020-04-02T15:06:55+00:00\",\"dateModified\":\"2020-10-21T17:27:21+00:00\",\"description\":\"D\\u00e9couvrez le parcours professionnel de l'artisan chocolatier Jean-Fran\\u00e7ois Gourmand et d'o\\u00f9 viennent toutes ses inspirations.\",\"inLanguage\":\"fr-FR\",\"potentialAction\":[{\"@type\":\"ReadAction\",\"target\":[\"http:\/\/oceane-tarate.fr\/chocolatier-gourmand\/a-propos\/\"]}]}]}<\/script>\n<!-- \/ Yoast SEO plugin. -->","_links":{"self":[{"href":"http:\/\/oceane-tarate.fr\/chocolatier-gourmand\/wp-json\/wp\/v2\/pages\/30"}],"collection":[{"href":"http:\/\/oceane-tarate.fr\/chocolatier-gourmand\/wp-json\/wp\/v2\/pages"}],"about":[{"href":"http:\/\/oceane-tarate.fr\/chocolatier-gourmand\/wp-json\/wp\/v2\/types\/page"}],"author":[{"embeddable":true,"href":"http:\/\/oceane-tarate.fr\/chocolatier-gourmand\/wp-json\/wp\/v2\/users\/1"}],"replies":[{"embeddable":true,"href":"http:\/\/oceane-tarate.fr\/chocolatier-gourmand\/wp-json\/wp\/v2\/comments?post=30"}],"version-history":[{"count":47,"href":"http:\/\/oceane-tarate.fr\/chocolatier-gourmand\/wp-json\/wp\/v2\/pages\/30\/revisions"}],"predecessor-version":[{"id":1286,"href":"http:\/\/oceane-tarate.fr\/chocolatier-gourmand\/wp-json\/wp\/v2\/pages\/30\/revisions\/1286"}],"wp:attachment":[{"href":"http:\/\/oceane-tarate.fr\/chocolatier-gourmand\/wp-json\/wp\/v2\/media?parent=30"}],"curies":[{"name":"wp","href":"https:\/\/api.w.org\/{rel}","templated":true}]}}